Let d(x) = -3*x**2 + 4*x - 5. Let y be d(1). Let b(i) = -10*i**3 + 3*i**2 - 2*i + 7. What is the tens digit of b(y)?
0
Let x(l) = -l**3 - 5*l**2 + 2*l - 13. Let p be x(-5). Let v = p + 22. What is the units digit of (955/(-10))/(v/2 - 0)?
1
Let k = -14044 + 19678. What is the thousands digit of k?
5
Suppose 2270 = -29*b - 9185. Let u = b - -1338. What is the units digit of u?
3
Let v(p) = 3*p**3 - 3*p**2 + p + 27. Let u(b) = -10*b**3 + 8*b**2 - 2*b - 80. Let k(o) = 2*u(o) + 7*v(o). What is the units digit of k(6)?
3
What is the ten thousands digit of (-3414)/(-4)*(-3 + (8 - 848/(-48)))?
1
Let p = 216 + 127. Let s be (-12 + 22)/(-2 - -4). Suppose 8 - p = -s*r. What is the units digit of r?
7
Suppose -2*w - 5*c - 393 = 0, -4*w - 3*c = -6*w - 385. Let t = -45 - w. What is the hundreds digit of t?
1
Let q(b) = -16*b**2 - 10*b + 91 - 5381*b**3 + 5380*b**3 - 9*b. What is the hundreds digit of q(-19)?
5
Let t = -1215 - -859. What is the units digit of (t/2)/(-2) - (-7 + 1)?
5
Suppose 0 = 4*y + 3*z - 362, -2*y - 4*z + 2*z + 182 = 0. Suppose p - 5*u - 397 = y, 2*u + 1419 = 3*p. What is the tens digit of p?
7
Let l(y) = -227*y - 1271. What is the tens digit of l(-6)?
9
Let y(w) = w**3 - 4*w**2 + 10*w - 4. Let m = 56 + -52. Let o be y(m). What is the tens digit of (-16)/o + (-4278)/(-27)?
5
Suppose -5*o - 288 = -3*g, 5*g + 4*o = -0*o + 480. Let m be g/20 + (-8)/10. Suppose 5*n + 134 = 4*t - 39, -m*n = t - 17. What is the units digit of t?
7
Let h(s) = s**2 + 33*s - 23. Let m = 337 - 372. What is the units digit of h(m)?
7
Suppose 0 = -91*c + 167*c - 5796140. What is the units digit of c?
5
Let w(r) = 23*r + 13*r - r - 14 - 6*r. Suppose 0 = -5*g + 308 - 288. What is the hundreds digit of w(g)?
1
Suppose 6120 = -11*a + 17*a. Suppose -9*y = -4*s - 6*y + a, 3*y = -3*s + 765. What is the tens digit of s?
5
Suppose 0 = -8*q + 32 - 16. Suppose -3*p = q*u - 3379, 3*p + 4*u + 0*u - 3377 = 0. What is the tens digit of p?
2
Suppose 0 = -20*q + 48*q + 21*q - 151851. What is the thousands digit of q?
3
Suppose 5*k - 2*b - 1417 = 0, 16*k - 11*k + 2*b = 1413. Let l = 583 - k. What is the units digit of l?
0
Let h(r) = -17*r + 204. Suppose -2*v = 3*s + 45, -5*v - 157 = 4*s - 27. What is the units digit of h(v)?
4
Let g(b) = b**2 - 12*b - 106. Let v be g(18). Suppose 0*l = 2*a + v*l - 1998, -3*a = -l - 2977. What is the units digit of a?
4
Let s be 38*(-69)/(-12) + (-9)/(-18). Let w = s - -102. What is the units digit of w?
1
Let c be -1 - (-13)/11 - 8/44. Suppose c = -9*a - 0*a + 126. Suppose a*t = 4*t + 1810. What is the tens digit of t?
8
What is the units digit of 368726/12 - (-23)/(-138)?
7
Let s(n) = -n**3 - 5*n**2 - n - 3. Let u be s(-5). Suppose 7*z = u + 19. Suppose 336 = -z*j + 7*j. What is the units digit of j?
4
Let d = 796 - 558. Let u = d + -134. What is the tens digit of u?
0
Let i = 5847 + -36. What is the units digit of i?
1
Let a = -22 - -72. Let o = 77 - a. What is the hundreds digit of (-79)/(o/(-6) + 4)?
1
Suppose 56 = -2*g + j, g = 3*j - 62 + 34. Let p be (-1 + -1)*1 + 32. Let c = p + g. What is the units digit of c?
2
Let g(a) = -a**3 + 7*a**2 + 15*a - 12. Let u be g(8). Let r = u - 44. Suppose -5*h + 97 + 408 = r. What is the units digit of h?
1
Let z = -4 - -18. Suppose -m - m - z = 0. Let f(t) = -12*t. What is the units digit of f(m)?
4
Let k be 2/(((-45)/(-10))/9). Suppose 0 = 2*v - k*u + 6, -3*v - 2*u + 4 + 11 = 0. Suppose 4*l - n - 282 = 30, l - v*n - 78 = 0. What is the tens digit of l?
7
Let v(r) = -r**2 + 15*r + 116. Let p be v(17). Let f = p - -1624. What is the thousands digit of f?
1
Let i be 2/(-4)*(-81 + 63). Suppose 16*r - 4648 = i*r. What is the hundreds digit of r?
6
Suppose -48*x + 56*x + 72 = 0. Let v(h) = -h**3 - 6*h**2 - 30*h - 2. What is the units digit of v(x)?
1
Let c(w) = -w**3 + 20*w**2 - 25*w - 38. What is the tens digit of c(12)?
1
Let s(f) = 51*f + 72. Let a be (40/20)/((-29)/(-9) - 3). What is the tens digit of s(a)?
3
Let n = 6398 - -4896. What is the hundreds digit of n?
2
Let a = 9 + -6. Let v(f) = -2*f - 7 + f**a - 61*f**2 - 67*f**2 + 129*f**2. What is the units digit of v(4)?
5
Let p be ((-56)/(-10) + -6)*-1585. Let n = -322 + p. What is the tens digit of n?
1
Let x = 4692 - 1604. What is the hundreds digit of x?
0
Let f(y) = 1393*y**2 + 44*y + 70. What is the hundreds digit of f(-2)?
5
Let q = 278 + -278. Suppose -p - 1433 = -4*x - q*p, 2*x + 4*p = 712. What is the hundreds digit of x?
3
Suppose 3*d - 8*d = 25, 5*z - 120 = 5*d. Suppose z*m - 5967 = 2051. What is the units digit of m?
2
Let t(d) = 23*d - 4. Suppose 10*u + 3 = 9*u. Let q be (-2 - u)/((-1)/(-2)). What is the units digit of t(q)?
2
Let n(p) = 228*p**2 - 165*p - 1424. What is the units digit of n(-16)?
4
Suppose 0 = 14*o + 9*o - 116150. What is the hundreds digit of o?
0
Suppose -4*k = -41*r + 45*r - 464, -4*k + 3*r + 436 = 0. What is the tens digit of k?
1
Suppose -1512 = 23*c - 224. What is the hundreds digit of (3/(-12))/(3/87)*c?
4
Let h = 9 + -16. Let l(z) = -4*z**3 - 12*z + z**3 - 26 - 7*z**2 + 2*z**3 + 14. What is the tens digit of l(h)?
7
Let p be -2*((-187)/22 - -9). Suppose j - 2*j + g = -5, -25 = -3*j + g. Let l = j + p. What is the units digit of l?
9
Let o(g) = -93*g + 216. Let f(j) = 186*j - 432. Let c(q) = -3*f(q) - 5*o(q). What is the hundreds digit of c(-8)?
9
Let r = -13 - -18. Let y(t) = 2*t**2 - 5*t - 1. Let i be y(r). Suppose 0*j - 2*j + 26 = 5*o, -4*j + i = 3*o. What is the units digit of o?
4
Suppose -277 - 533 = -9*k. What is the tens digit of 1100/k - 2/9?
1
Let c = -20 + 24. Suppose c*h + 4*l - 2536 = 0, -4*h = 2*l - 3196 + 656. What is the tens digit of 2/(-7) + -3 + h/21?
2
Suppose -20 + 5 = -i. Let a be ((-6)/i)/((-1)/5). Suppose c - 85 = -a*r, 4*c - r = -c + 403. What is the units digit of c?
1
Let c = -212 + 220. What is the tens digit of (c/6)/(0 - 10/(-2265))?
0
Let m = 40460 - 3818. What is the tens digit of m?
4
Suppose -5*a - 26071 = -4*v, v + 4*v + 5*a - 32600 = 0. What is the thousands digit of v?
6
Let j(w) = 11625*w - 3590. What is the thousands digit of j(5)?
4
Let j(o) = 35*o**3 - 9*o**2 + 250*o - 2636. What is the tens digit of j(10)?
6
Let w = -56037 + 116020. What is the tens digit of w?
8
What is the units digit of (-12)/54 + (378281/9 - 1)?
0
Suppose -2*f + 148 = -6*w + 8*w, -f + 1 = 0. Let a = w - -347. Suppose -12*j - a = -3084. What is the tens digit of j?
2
Let b be (-3 - (-15845)/35)/((-8)/(-28)). Suppose 0 = -3*z + 1249 + b. What is the tens digit of z?
4
Suppose 0 = 3*j - 11 - 43. Suppose -q - y - 1 = 0, 2*q - j = 3*y + 5. Suppose 202 = 6*h - q*h. What is the tens digit of h?
0
Let t(y) = -45 - 32*y + 25*y - 75*y - 16*y - 71*y. What is the hundreds digit of t(-9)?
4
What is the hundreds digit of ((-1)/2)/((-4)/56*7)*4066?
0
Suppose 4*c = -3*y - 6, -7*c + 8*c - 3*y + 9 = 0. Let p(k) = -27*k**3 - 4*k**2 - 2*k + 16. What is the tens digit of p(c)?
1
What is the hundreds digit of (23178/21)/((-92)/(-322))?
8
Let z = 54 - 44. Let k = -7 + z. Suppose 2*c - k*v - 76 = 132, 2*c + v = 200. What is the tens digit of c?
0
Let u be (-4 - 8) + (-4 - -9). Let f(z) = 6*z + 37. Let v be f(u). What is the units digit of -1 + -2 + (v - -88)?
0
Let t = 3 + -5. Let b(x) = -x**2 - 38*x - 101. Let q be b(-3). What is the units digit of (q/(-3))/(t/129)?
6
Let t = 223 - 154. Suppose t = -2*g - 153. Let l = g + 193. What is the units digit of l?
2
Let b(a) = -101*a**2 - 14*a + 28. Let m be b(2). Let d = m - -1207. What is the units digit of d?
3
Let f(g) = 169*g**2 - 11. Let m be f(-3). Suppose -26*u + 1714 = -m. What is the tens digit of u?
2
Let m = -52 - -81. Let n = m - 4. Let q = n + 34. What is the tens digit of q?
5
Suppose -r = 2*g - 30679, -3*r = -2*g + 40178 - 9511. What is the hundreds digit of g?
3
Suppose -3*s + 0 = 5*d + 13, 4*s - 2*d - 26 = 0. Suppose -13 = -s*u + 3. What is the tens digit of (-2)/u*-6 + 32?
3
What is the hundreds digit of 2108 - 7/(84/192)?
0
Let a be (4/(-6))/(3*3/(-324)). Suppose 5*g + a = 9*g. What is the units digit of g/12*(64 - 2)?
1
Suppose -g = 3*w - 1050, 3*w - g - 1407 = -w. Let f = 605 - w. What is the hundreds digit of f?
2
Let p(b) = b**2 + 51*b - 67. Let d be p(31). Suppose 30*s - d = 21495. What is the tens digit of s?
9
Let c = 107 - 39. Let y = 147 - c. Let o = y - 67